{"id":1036,"date":"2020-02-12T17:04:07","date_gmt":"2020-02-12T10:04:07","guid":{"rendered":"https:\/\/villa-anneloi.com\/home\/?page_id=1036"},"modified":"2023-04-06T20:40:15","modified_gmt":"2023-04-06T13:40:15","slug":"daguitstap-met-loi-en","status":"publish","type":"page","link":"https:\/\/villa-anneloi.com\/home\/daguitstap-met-loi-en\/","title":{"rendered":"Nature day trip with Loi"},"content":{"rendered":"\n<div class=\"wp-block-nextend-smartslider3\"><\/div>\n\n\n\n<p class=\"has-text-align-center has-luminous-vivid-amber-color has-text-color\">                    <strong>Price starts at 2400 bath per person (min 2 \u2013 max 9 persons). <\/strong>                                     <\/p>\n\n\n\n<p><strong>9.00 Pick up at your hotel. &nbsp;About 1h drive with a pick up truck through local places to the waterfall.<\/strong><\/p>\n\n\n\n<p><strong>Arrival at the waterfall, you can walk down and climb the waterfall with Loi, spend time in the nature park and get explanation of the nature in this park.\u00a0<\/strong><\/p>\n\n\n\n<p><strong>After this you drive to another nature parc &#8220;Sri Lana&#8221;.   Here you&#8217;ll take  a boat to a floating raft. \u00a0You can enjoy a great lunch, some drinks, swimming, relax and take a kayak on the lake .<\/strong><\/p>\n\n\n\n<p><strong>After fun time take the boat back to the shore and drive back to Chiang Mai.<\/strong><\/p>\n\n\n\n<p><strong>Evening back in your hotel.<\/strong><\/p>\n\n\n\n<p class=\"has-text-align-center\">INCLUDED: Private guide, transfers, Thai lunch, entree 2 nature parks, boattrip, insurance.<\/p>\n\n\n\n<p><\/p>\n","protected":false},"excerpt":{"rendered":"<p>Price starts at 2400 bath per person (min 2 \u2013 max 9 persons). 9.00 Pick up at your hotel. &nbsp;About 1h drive with a pick up truck through local places to the waterfall. Arrival at the waterfall, you can walk down and climb the waterfall with Loi, spend time in the nature park and get &#8230; <a title=\"Nature day trip with Loi\" class=\"read-more\" href=\"https:\/\/villa-anneloi.com\/home\/daguitstap-met-loi-en\/\" aria-label=\"More on Nature day trip with Loi\">Read more<\/a><\/p>\n","protected":false},"author":1,"featured_media":0,"parent":0,"menu_order":0,"comment_status":"closed","ping_status":"closed","template":"","meta":{"_uag_custom_page_level_css":""},"yoast_head":"<!-- This site is optimized with the Yoast SEO plugin v19.12 - https:\/\/yoast.com\/wordpress\/plugins\/seo\/ -->\n<title>Nature day trip with Loi - Villa-anneloi.com - Feel at home, Far from home.<\/title>\n<meta name=\"robots\" content=\"index, follow, max-snippet:-1, max-image-preview:large, max-video-preview:-1\" \/>\n<link rel=\"canonical\" href=\"https:\/\/villa-anneloi.com\/home\/daguitstap-met-loi-en\/\" \/>\n<meta property=\"og:locale\" content=\"en_US\" \/>\n<meta property=\"og:type\" content=\"article\" \/>\n<meta property=\"og:title\" content=\"Nature day trip with Loi - Villa-anneloi.com - Feel at home, Far from home.\" \/>\n<meta property=\"og:description\" content=\"Price starts at 2400 bath per person (min 2 \u2013 max 9 persons). 9.00 Pick up at your hotel. &nbsp;About 1h drive with a pick up truck through local places to the waterfall. Arrival at the waterfall, you can walk down and climb the waterfall with Loi, spend time in the nature park and get ... Read more\" \/>\n<meta property=\"og:url\" content=\"https:\/\/villa-anneloi.com\/home\/daguitstap-met-loi-en\/\" \/>\n<meta property=\"og:site_name\" content=\"Villa-anneloi.com - Feel at home, Far from home.\" \/>\n<meta property=\"article:modified_time\" content=\"2023-04-06T13:40:15+00:00\" \/>\n<meta name=\"twitter:card\" content=\"summary_large_image\" \/>\n<meta name=\"twitter:label1\" content=\"Est. reading time\" \/>\n\t<meta name=\"twitter:data1\" content=\"1 minute\" \/>\n<script type=\"application\/ld+json\" class=\"yoast-schema-graph\">{\"@context\":\"https:\/\/schema.org\",\"@graph\":[{\"@type\":\"WebPage\",\"@id\":\"https:\/\/villa-anneloi.com\/home\/daguitstap-met-loi-en\/\",\"url\":\"https:\/\/villa-anneloi.com\/home\/daguitstap-met-loi-en\/\",\"name\":\"Nature day trip with Loi - Villa-anneloi.com - Feel at home, Far from home.\",\"isPartOf\":{\"@id\":\"https:\/\/villa-anneloi.com\/home\/#website\"},\"datePublished\":\"2020-02-12T10:04:07+00:00\",\"dateModified\":\"2023-04-06T13:40:15+00:00\",\"breadcrumb\":{\"@id\":\"https:\/\/villa-anneloi.com\/home\/daguitstap-met-loi-en\/#breadcrumb\"},\"inLanguage\":\"en-US\",\"potentialAction\":[{\"@type\":\"ReadAction\",\"target\":[\"https:\/\/villa-anneloi.com\/home\/daguitstap-met-loi-en\/\"]}]},{\"@type\":\"BreadcrumbList\",\"@id\":\"https:\/\/villa-anneloi.com\/home\/daguitstap-met-loi-en\/#breadcrumb\",\"itemListElement\":[{\"@type\":\"ListItem\",\"position\":1,\"name\":\"Home\",\"item\":\"https:\/\/villa-anneloi.com\/home\/\"},{\"@type\":\"ListItem\",\"position\":2,\"name\":\"Nature day trip with Loi\"}]},{\"@type\":\"WebSite\",\"@id\":\"https:\/\/villa-anneloi.com\/home\/#website\",\"url\":\"https:\/\/villa-anneloi.com\/home\/\",\"name\":\"Villa-anneloi.com - Feel at home, Far from home.\",\"description\":\"chiangmai province guesthouse, chiang mai guesthouse, chiang mai, thailand, guesthouse, villa-anneloi guesthouse, guesthouse, chiang mai travel, chiang mai tour, chiang mai trekking, rafting, chiang mai tour agent, thailand, trekking, bamboo rafting, elephant riding, caving, canoeing, kantoke dinner, t-rex-house\",\"potentialAction\":[{\"@type\":\"SearchAction\",\"target\":{\"@type\":\"EntryPoint\",\"urlTemplate\":\"https:\/\/villa-anneloi.com\/home\/?s={search_term_string}\"},\"query-input\":\"required name=search_term_string\"}],\"inLanguage\":\"en-US\"}]}<\/script>\n<!-- \/ Yoast SEO plugin. -->","yoast_head_json":{"title":"Nature day trip with Loi - Villa-anneloi.com - Feel at home, Far from home.","robots":{"index":"index","follow":"follow","max-snippet":"max-snippet:-1","max-image-preview":"max-image-preview:large","max-video-preview":"max-video-preview:-1"},"canonical":"https:\/\/villa-anneloi.com\/home\/daguitstap-met-loi-en\/","og_locale":"en_US","og_type":"article","og_title":"Nature day trip with Loi - Villa-anneloi.com - Feel at home, Far from home.","og_description":"Price starts at 2400 bath per person (min 2 \u2013 max 9 persons). 9.00 Pick up at your hotel. &nbsp;About 1h drive with a pick up truck through local places to the waterfall. Arrival at the waterfall, you can walk down and climb the waterfall with Loi, spend time in the nature park and get ... Read more","og_url":"https:\/\/villa-anneloi.com\/home\/daguitstap-met-loi-en\/","og_site_name":"Villa-anneloi.com - Feel at home, Far from home.","article_modified_time":"2023-04-06T13:40:15+00:00","twitter_card":"summary_large_image","twitter_misc":{"Est. reading time":"1 minute"},"schema":{"@context":"https:\/\/schema.org","@graph":[{"@type":"WebPage","@id":"https:\/\/villa-anneloi.com\/home\/daguitstap-met-loi-en\/","url":"https:\/\/villa-anneloi.com\/home\/daguitstap-met-loi-en\/","name":"Nature day trip with Loi - Villa-anneloi.com - Feel at home, Far from home.","isPartOf":{"@id":"https:\/\/villa-anneloi.com\/home\/#website"},"datePublished":"2020-02-12T10:04:07+00:00","dateModified":"2023-04-06T13:40:15+00:00","breadcrumb":{"@id":"https:\/\/villa-anneloi.com\/home\/daguitstap-met-loi-en\/#breadcrumb"},"inLanguage":"en-US","potentialAction":[{"@type":"ReadAction","target":["https:\/\/villa-anneloi.com\/home\/daguitstap-met-loi-en\/"]}]},{"@type":"BreadcrumbList","@id":"https:\/\/villa-anneloi.com\/home\/daguitstap-met-loi-en\/#breadcrumb","itemListElement":[{"@type":"ListItem","position":1,"name":"Home","item":"https:\/\/villa-anneloi.com\/home\/"},{"@type":"ListItem","position":2,"name":"Nature day trip with Loi"}]},{"@type":"WebSite","@id":"https:\/\/villa-anneloi.com\/home\/#website","url":"https:\/\/villa-anneloi.com\/home\/","name":"Villa-anneloi.com - Feel at home, Far from home.","description":"chiangmai province guesthouse, chiang mai guesthouse, chiang mai, thailand, guesthouse, villa-anneloi guesthouse, guesthouse, chiang mai travel, chiang mai tour, chiang mai trekking, rafting, chiang mai tour agent, thailand, trekking, bamboo rafting, elephant riding, caving, canoeing, kantoke dinner, t-rex-house","potentialAction":[{"@type":"SearchAction","target":{"@type":"EntryPoint","urlTemplate":"https:\/\/villa-anneloi.com\/home\/?s={search_term_string}"},"query-input":"required name=search_term_string"}],"inLanguage":"en-US"}]}},"uagb_featured_image_src":{"full":false,"thumbnail":false,"medium":false,"medium_large":false,"large":false,"1536x1536":false,"2048x2048":false},"uagb_author_info":{"display_name":"admin","author_link":"https:\/\/villa-anneloi.com\/home\/author\/admin\/"},"uagb_comment_info":0,"uagb_excerpt":"Price starts at 2400 bath per person (min 2 \u2013 max 9 persons). 9.00 Pick up at your hotel. &nbsp;About 1h drive with a pick up truck through local places to the waterfall. Arrival at the waterfall, you can walk down and climb the waterfall with Loi, spend time in the nature park and get&hellip;","jetpack_sharing_enabled":true,"jetpack-related-posts":[{"id":1592,"url":"https:\/\/villa-anneloi.com\/home\/two-days-trip-with-loi-to-pai-or-chiang-rai\/","url_meta":{"origin":1036,"position":0},"title":"Two days trip with Loi to              Pai or Chiang Rai.","date":"2nd March 2020","format":false,"excerpt":"Day 1 : An amazing ride through the mountains with stops where you wouldn't know of. With Loi you feel as a 'local' making a trip. Some of the stops are: PAI : a waterfall to swim in, a bat cave, Pai Canyon, hotsprings and ricefields. CHIANG RAI: hotsprings, the\u2026","rel":"","context":"Similar post","img":{"alt_text":"","src":"","width":0,"height":0},"classes":[]},{"id":1588,"url":"https:\/\/villa-anneloi.com\/home\/two-days-trekking-with-loi-en\/","url_meta":{"origin":1036,"position":1},"title":"Two days trekking with Loi.","date":"2nd March 2020","format":false,"excerpt":"You discover the 'real' Thailand on the 2 days trekking!\u00a0 Loi guides you as a real Tarzan through the jungle !\u00a0\u00a0\u00a0The 2 day trekking is a taste of the 'real' local Thai life of the hill tribes. The trek is a walk over mountains and the heat can play some\u2026","rel":"","context":"Similar post","img":{"alt_text":"","src":"","width":0,"height":0},"classes":[]},{"id":2642,"url":"https:\/\/villa-anneloi.com\/home\/trips\/monloi-en\/","url_meta":{"origin":1036,"position":2},"title":"A 3-day trip to Loi\u2019s birth village","date":"30th January 2026","format":false,"excerpt":"Here\u2019s the program for the trip to Loi\u2019s hometown Day 1 Loi will pick you up at your hotel in Chiang Mai at 9:00 a.m. for a three-day trip to Muang Khong, his mountain hometown in Chiang Dao.You can take your luggage with you and ask your hotel to store\u2026","rel":"","context":"Similar post","img":{"alt_text":"","src":"","width":0,"height":0},"classes":[]},{"id":1541,"url":"https:\/\/villa-anneloi.com\/home\/excursion-culturel-et-dans-la-nature-avec-loi-fr\/","url_meta":{"origin":1036,"position":3},"title":"Excursion dans la nature avec Loi","date":"2nd March 2020","format":false,"excerpt":"Prix a partir de 2400 bath\/ personne (min 2 -max 9 personnes) Visit de 2 parc national avec cascade et bateau sur un lac. Loi est comme Tarzan. Il conna\u00eet tout de la nature : les plantes, les arbres, les insectes... INCLUS: guide priv\u00e9, transferts, d\u00e9jeuner tha\u00eflandais, entree de 2\u2026","rel":"","context":"Similar post","img":{"alt_text":"","src":"","width":0,"height":0},"classes":[]},{"id":1638,"url":"https:\/\/villa-anneloi.com\/home\/choose-for-our-excursion-package-en\/","url_meta":{"origin":1036,"position":4},"title":"Choose for our excursion package","date":"2nd March 2020","format":false,"excerpt":"Villa Anneloi Excursion package Excursion package with lodge in a resort near the river in Chiang Mai. DAY 1: We pick you up at the airport, bus or train station in Chiang Mai.\u00a0\u00a0\u00a0 Welcome at the resort with a small welcome packet. \u00a0 You can relax at the swimming pool,\u2026","rel":"","context":"Similar post","img":{"alt_text":"","src":"","width":0,"height":0},"classes":[]},{"id":1590,"url":"https:\/\/villa-anneloi.com\/home\/trekking-de-deux-jours-avec-loi-fr\/","url_meta":{"origin":1036,"position":5},"title":"Trekking de deux jours avec Loi.","date":"2nd March 2020","format":false,"excerpt":"Ce trekking de deux jours est un avant-go\u00fbt de la \"vraie\" vie locale tha\u00eflandaise des tribus des collines. Loi vous guide comme Tarzan dans la jungle. Le trekking est une randonn\u00e9e dans les montagnes, accessible \u00e0 tous . Notre plus jeune randonneur avait 2 ans et le plus \u00e2g\u00e9, 84\u2026","rel":"","context":"Similar post","img":{"alt_text":"","src":"","width":0,"height":0},"classes":[]}],"jetpack_shortlink":"https:\/\/wp.me\/PbNARy-gI","_links":{"self":[{"href":"https:\/\/villa-anneloi.com\/home\/wp-json\/wp\/v2\/pages\/1036"}],"collection":[{"href":"https:\/\/villa-anneloi.com\/home\/wp-json\/wp\/v2\/pages"}],"about":[{"href":"https:\/\/villa-anneloi.com\/home\/wp-json\/wp\/v2\/types\/page"}],"author":[{"embeddable":true,"href":"https:\/\/villa-anneloi.com\/home\/wp-json\/wp\/v2\/users\/1"}],"replies":[{"embeddable":true,"href":"https:\/\/villa-anneloi.com\/home\/wp-json\/wp\/v2\/comments?post=1036"}],"version-history":[{"count":12,"href":"https:\/\/villa-anneloi.com\/home\/wp-json\/wp\/v2\/pages\/1036\/revisions"}],"predecessor-version":[{"id":2568,"href":"https:\/\/villa-anneloi.com\/home\/wp-json\/wp\/v2\/pages\/1036\/revisions\/2568"}],"wp:attachment":[{"href":"https:\/\/villa-anneloi.com\/home\/wp-json\/wp\/v2\/media?parent=1036"}],"curies":[{"name":"wp","href":"https:\/\/api.w.org\/{rel}","templated":true}]}}