{"id":1541,"date":"2020-03-02T12:44:38","date_gmt":"2020-03-02T05:44:38","guid":{"rendered":"https:\/\/villa-anneloi.com\/home\/?page_id=1541"},"modified":"2022-05-08T16:32:22","modified_gmt":"2022-05-08T09:32:22","slug":"excursion-culturel-et-dans-la-nature-avec-loi-fr","status":"publish","type":"page","link":"https:\/\/villa-anneloi.com\/home\/excursion-culturel-et-dans-la-nature-avec-loi-fr\/","title":{"rendered":"Excursion dans la nature avec Loi"},"content":{"rendered":"\n<div class=\"wp-block-nextend-smartslider3\"><\/div>\n\n\n\n<p class=\"has-text-align-center has-luminous-vivid-amber-color has-text-color\">             <strong>Prix a partir de 2400 bath\/ personne (min 2 -max 9 personnes<\/strong>)<\/p>\n\n\n\n<p>Visit de 2 parc national avec cascade et bateau sur un lac. <\/p>\n\n\n\n<p> Loi est comme Tarzan.   Il conna\u00eet tout de la nature : les plantes, les arbres, les insectes&#8230; <\/p>\n\n\n\n<p>INCLUS: guide priv\u00e9, transferts, d\u00e9jeuner tha\u00eflandais, entree de 2 parc national, bateau assurance. <\/p>\n\n\n\n<p><\/p>\n","protected":false},"excerpt":{"rendered":"<p>Prix a partir de 2400 bath\/ personne (min 2 -max 9 personnes) Visit de 2 parc national avec cascade et bateau sur un lac. Loi est comme Tarzan. Il conna\u00eet tout de la nature : les plantes, les arbres, les insectes&#8230; INCLUS: guide priv\u00e9, transferts, d\u00e9jeuner tha\u00eflandais, entree de 2 parc national, bateau assurance.<\/p>\n","protected":false},"author":2,"featured_media":0,"parent":0,"menu_order":0,"comment_status":"closed","ping_status":"closed","template":"","meta":{"_uag_custom_page_level_css":""},"yoast_head":"<!-- This site is optimized with the Yoast SEO plugin v19.12 - https:\/\/yoast.com\/wordpress\/plugins\/seo\/ -->\n<title>Excursion dans la nature avec Loi - Villa-anneloi.com - Feel at home, Far from home.<\/title>\n<meta name=\"robots\" content=\"index, follow, max-snippet:-1, max-image-preview:large, max-video-preview:-1\" \/>\n<link rel=\"canonical\" href=\"https:\/\/villa-anneloi.com\/home\/excursion-culturel-et-dans-la-nature-avec-loi-fr\/\" \/>\n<meta property=\"og:locale\" content=\"en_US\" \/>\n<meta property=\"og:type\" content=\"article\" \/>\n<meta property=\"og:title\" content=\"Excursion dans la nature avec Loi - Villa-anneloi.com - Feel at home, Far from home.\" \/>\n<meta property=\"og:description\" content=\"Prix a partir de 2400 bath\/ personne (min 2 -max 9 personnes) Visit de 2 parc national avec cascade et bateau sur un lac. Loi est comme Tarzan. Il conna\u00eet tout de la nature : les plantes, les arbres, les insectes&#8230; INCLUS: guide priv\u00e9, transferts, d\u00e9jeuner tha\u00eflandais, entree de 2 parc national, bateau assurance.\" \/>\n<meta property=\"og:url\" content=\"https:\/\/villa-anneloi.com\/home\/excursion-culturel-et-dans-la-nature-avec-loi-fr\/\" \/>\n<meta property=\"og:site_name\" content=\"Villa-anneloi.com - Feel at home, Far from home.\" \/>\n<meta property=\"article:modified_time\" content=\"2022-05-08T09:32:22+00:00\" \/>\n<meta name=\"twitter:card\" content=\"summary_large_image\" \/>\n<meta name=\"twitter:label1\" content=\"Est. reading time\" \/>\n\t<meta name=\"twitter:data1\" content=\"1 minute\" \/>\n<script type=\"application\/ld+json\" class=\"yoast-schema-graph\">{\"@context\":\"https:\/\/schema.org\",\"@graph\":[{\"@type\":\"WebPage\",\"@id\":\"https:\/\/villa-anneloi.com\/home\/excursion-culturel-et-dans-la-nature-avec-loi-fr\/\",\"url\":\"https:\/\/villa-anneloi.com\/home\/excursion-culturel-et-dans-la-nature-avec-loi-fr\/\",\"name\":\"Excursion dans la nature avec Loi - Villa-anneloi.com - Feel at home, Far from home.\",\"isPartOf\":{\"@id\":\"https:\/\/villa-anneloi.com\/home\/#website\"},\"datePublished\":\"2020-03-02T05:44:38+00:00\",\"dateModified\":\"2022-05-08T09:32:22+00:00\",\"breadcrumb\":{\"@id\":\"https:\/\/villa-anneloi.com\/home\/excursion-culturel-et-dans-la-nature-avec-loi-fr\/#breadcrumb\"},\"inLanguage\":\"en-US\",\"potentialAction\":[{\"@type\":\"ReadAction\",\"target\":[\"https:\/\/villa-anneloi.com\/home\/excursion-culturel-et-dans-la-nature-avec-loi-fr\/\"]}]},{\"@type\":\"BreadcrumbList\",\"@id\":\"https:\/\/villa-anneloi.com\/home\/excursion-culturel-et-dans-la-nature-avec-loi-fr\/#breadcrumb\",\"itemListElement\":[{\"@type\":\"ListItem\",\"position\":1,\"name\":\"Home\",\"item\":\"https:\/\/villa-anneloi.com\/home\/\"},{\"@type\":\"ListItem\",\"position\":2,\"name\":\"Excursion dans la nature avec Loi\"}]},{\"@type\":\"WebSite\",\"@id\":\"https:\/\/villa-anneloi.com\/home\/#website\",\"url\":\"https:\/\/villa-anneloi.com\/home\/\",\"name\":\"Villa-anneloi.com - Feel at home, Far from home.\",\"description\":\"chiangmai province guesthouse, chiang mai guesthouse, chiang mai, thailand, guesthouse, villa-anneloi guesthouse, guesthouse, chiang mai travel, chiang mai tour, chiang mai trekking, rafting, chiang mai tour agent, thailand, trekking, bamboo rafting, elephant riding, caving, canoeing, kantoke dinner, t-rex-house\",\"potentialAction\":[{\"@type\":\"SearchAction\",\"target\":{\"@type\":\"EntryPoint\",\"urlTemplate\":\"https:\/\/villa-anneloi.com\/home\/?s={search_term_string}\"},\"query-input\":\"required name=search_term_string\"}],\"inLanguage\":\"en-US\"}]}<\/script>\n<!-- \/ Yoast SEO plugin. -->","yoast_head_json":{"title":"Excursion dans la nature avec Loi - Villa-anneloi.com - Feel at home, Far from home.","robots":{"index":"index","follow":"follow","max-snippet":"max-snippet:-1","max-image-preview":"max-image-preview:large","max-video-preview":"max-video-preview:-1"},"canonical":"https:\/\/villa-anneloi.com\/home\/excursion-culturel-et-dans-la-nature-avec-loi-fr\/","og_locale":"en_US","og_type":"article","og_title":"Excursion dans la nature avec Loi - Villa-anneloi.com - Feel at home, Far from home.","og_description":"Prix a partir de 2400 bath\/ personne (min 2 -max 9 personnes) Visit de 2 parc national avec cascade et bateau sur un lac. Loi est comme Tarzan. Il conna\u00eet tout de la nature : les plantes, les arbres, les insectes&#8230; INCLUS: guide priv\u00e9, transferts, d\u00e9jeuner tha\u00eflandais, entree de 2 parc national, bateau assurance.","og_url":"https:\/\/villa-anneloi.com\/home\/excursion-culturel-et-dans-la-nature-avec-loi-fr\/","og_site_name":"Villa-anneloi.com - Feel at home, Far from home.","article_modified_time":"2022-05-08T09:32:22+00:00","twitter_card":"summary_large_image","twitter_misc":{"Est. reading time":"1 minute"},"schema":{"@context":"https:\/\/schema.org","@graph":[{"@type":"WebPage","@id":"https:\/\/villa-anneloi.com\/home\/excursion-culturel-et-dans-la-nature-avec-loi-fr\/","url":"https:\/\/villa-anneloi.com\/home\/excursion-culturel-et-dans-la-nature-avec-loi-fr\/","name":"Excursion dans la nature avec Loi - Villa-anneloi.com - Feel at home, Far from home.","isPartOf":{"@id":"https:\/\/villa-anneloi.com\/home\/#website"},"datePublished":"2020-03-02T05:44:38+00:00","dateModified":"2022-05-08T09:32:22+00:00","breadcrumb":{"@id":"https:\/\/villa-anneloi.com\/home\/excursion-culturel-et-dans-la-nature-avec-loi-fr\/#breadcrumb"},"inLanguage":"en-US","potentialAction":[{"@type":"ReadAction","target":["https:\/\/villa-anneloi.com\/home\/excursion-culturel-et-dans-la-nature-avec-loi-fr\/"]}]},{"@type":"BreadcrumbList","@id":"https:\/\/villa-anneloi.com\/home\/excursion-culturel-et-dans-la-nature-avec-loi-fr\/#breadcrumb","itemListElement":[{"@type":"ListItem","position":1,"name":"Home","item":"https:\/\/villa-anneloi.com\/home\/"},{"@type":"ListItem","position":2,"name":"Excursion dans la nature avec Loi"}]},{"@type":"WebSite","@id":"https:\/\/villa-anneloi.com\/home\/#website","url":"https:\/\/villa-anneloi.com\/home\/","name":"Villa-anneloi.com - Feel at home, Far from home.","description":"chiangmai province guesthouse, chiang mai guesthouse, chiang mai, thailand, guesthouse, villa-anneloi guesthouse, guesthouse, chiang mai travel, chiang mai tour, chiang mai trekking, rafting, chiang mai tour agent, thailand, trekking, bamboo rafting, elephant riding, caving, canoeing, kantoke dinner, t-rex-house","potentialAction":[{"@type":"SearchAction","target":{"@type":"EntryPoint","urlTemplate":"https:\/\/villa-anneloi.com\/home\/?s={search_term_string}"},"query-input":"required name=search_term_string"}],"inLanguage":"en-US"}]}},"uagb_featured_image_src":{"full":false,"thumbnail":false,"medium":false,"medium_large":false,"large":false,"1536x1536":false,"2048x2048":false},"uagb_author_info":{"display_name":"Anneloi","author_link":"https:\/\/villa-anneloi.com\/home\/author\/manager\/"},"uagb_comment_info":0,"uagb_excerpt":"Prix a partir de 2400 bath\/ personne (min 2 -max 9 personnes) Visit de 2 parc national avec cascade et bateau sur un lac. Loi est comme Tarzan. Il conna\u00eet tout de la nature : les plantes, les arbres, les insectes&#8230; INCLUS: guide priv\u00e9, transferts, d\u00e9jeuner tha\u00eflandais, entree de 2 parc national, bateau assurance.","jetpack_sharing_enabled":true,"jetpack-related-posts":[{"id":2721,"url":"https:\/\/villa-anneloi.com\/home\/excursions\/monloi-fr\/","url_meta":{"origin":1541,"position":0},"title":"Excursion de 3 jours vers le village natal de Loi","date":"30th January 2026","format":false,"excerpt":"PROGRAMME \u2013 S\u00e9jour dans le village natal de Loi JOUR 1 Loi viendra vous chercher \u00e0 9h00 \u00e0 votre h\u00f4tel \u00e0 Chiang Mai pour une excursion de 3 jours \u00e0 Muang Khong, le village natal de Loi, situ\u00e9 sur la montagne \u00e0 Chiang Dao.Vous pouvez laisser une partie de vos\u2026","rel":"","context":"Similar post","img":{"alt_text":"","src":"","width":0,"height":0},"classes":[]},{"id":1036,"url":"https:\/\/villa-anneloi.com\/home\/daguitstap-met-loi-en\/","url_meta":{"origin":1541,"position":1},"title":"Nature day trip with Loi","date":"12th February 2020","format":false,"excerpt":"Price starts at 2400 bath per person (min 2 \u2013 max 9 persons). 9.00 Pick up at your hotel. \u00a0About 1h drive with a pick up truck through local places to the waterfall. Arrival at the waterfall, you can walk down and climb the waterfall with Loi, spend time in\u2026","rel":"","context":"Similar post","img":{"alt_text":"","src":"","width":0,"height":0},"classes":[]},{"id":1403,"url":"https:\/\/villa-anneloi.com\/home\/excursions\/","url_meta":{"origin":1541,"position":2},"title":"Excursions","date":"21st February 2020","format":false,"excerpt":"Villa Anneloi Tour Excursions Le choix des excursions ou notre package d\u2019excursions: (1) Une journ\u00e9e dans la nature avec Loi (cliquez ici pour les details) ( Prix \u00e0 partir de 2400 baht pp, min 2 - max 9 personnes ) (2) Trekking de deux jours avec Loi (cliquez ici pour\u2026","rel":"","context":"Similar post","img":{"alt_text":"","src":"","width":0,"height":0},"classes":[]},{"id":1590,"url":"https:\/\/villa-anneloi.com\/home\/trekking-de-deux-jours-avec-loi-fr\/","url_meta":{"origin":1541,"position":3},"title":"Trekking de deux jours avec Loi.","date":"2nd March 2020","format":false,"excerpt":"Ce trekking de deux jours est un avant-go\u00fbt de la \"vraie\" vie locale tha\u00eflandaise des tribus des collines. Loi vous guide comme Tarzan dans la jungle. Le trekking est une randonn\u00e9e dans les montagnes, accessible \u00e0 tous . Notre plus jeune randonneur avait 2 ans et le plus \u00e2g\u00e9, 84\u2026","rel":"","context":"Similar post","img":{"alt_text":"","src":"","width":0,"height":0},"classes":[]},{"id":1642,"url":"https:\/\/villa-anneloi.com\/home\/prenez-notre-paquet-dexcursion-fr\/","url_meta":{"origin":1541,"position":4},"title":"Package d&#8217;excursions","date":"2nd March 2020","format":false,"excerpt":"Villa Anneloi Package d'excursions Package excursions avec logement dans un resort \u00e0 la rivi\u00e8re. JOUR 1 Nous venons vous chercher \u00e0 l\u2019a\u00e9roport, gare routi\u00e8re ou gare ferroviaire de Chiang Mai. Bienvenue au resort avec un petit packet de bienvenue. Vous pourrez ensuite vous relaxer \u00e0 la piscine, d\u00e9couvrir l\u2019environnement ou\u2026","rel":"","context":"Similar post","img":{"alt_text":"","src":"","width":0,"height":0},"classes":[]},{"id":1593,"url":"https:\/\/villa-anneloi.com\/home\/excursion-de-deux-jours-avec-loi-a-pai-ou-chiang-rai\/","url_meta":{"origin":1541,"position":5},"title":"Excursion de deux jours avec Loi \u00e0 Pai ou Chiang Rai.","date":"2nd March 2020","format":false,"excerpt":"Premi\u00e8re journ\u00e9e: Une randonn\u00e9e incroyable \u00e0 travers les montagnes avec des arr\u00eats que vous n\u2019auriez jamais d\u00e9couverts seuls. Avec Loi, vous vous sentirez comme un \"local\" en route. Les arr\u00eats sont : PAI : une cascade pour se baigner, une grotte de chauves-souris, le canyon de Pai, des sources d'eau\u2026","rel":"","context":"Similar post","img":{"alt_text":"","src":"","width":0,"height":0},"classes":[]}],"jetpack_shortlink":"https:\/\/wp.me\/PbNARy-oR","_links":{"self":[{"href":"https:\/\/villa-anneloi.com\/home\/wp-json\/wp\/v2\/pages\/1541"}],"collection":[{"href":"https:\/\/villa-anneloi.com\/home\/wp-json\/wp\/v2\/pages"}],"about":[{"href":"https:\/\/villa-anneloi.com\/home\/wp-json\/wp\/v2\/types\/page"}],"author":[{"embeddable":true,"href":"https:\/\/villa-anneloi.com\/home\/wp-json\/wp\/v2\/users\/2"}],"replies":[{"embeddable":true,"href":"https:\/\/villa-anneloi.com\/home\/wp-json\/wp\/v2\/comments?post=1541"}],"version-history":[{"count":5,"href":"https:\/\/villa-anneloi.com\/home\/wp-json\/wp\/v2\/pages\/1541\/revisions"}],"predecessor-version":[{"id":2514,"href":"https:\/\/villa-anneloi.com\/home\/wp-json\/wp\/v2\/pages\/1541\/revisions\/2514"}],"wp:attachment":[{"href":"https:\/\/villa-anneloi.com\/home\/wp-json\/wp\/v2\/media?parent=1541"}],"curies":[{"name":"wp","href":"https:\/\/api.w.org\/{rel}","templated":true}]}}