{"id":1592,"date":"2020-03-02T15:34:22","date_gmt":"2020-03-02T08:34:22","guid":{"rendered":"https:\/\/villa-anneloi.com\/home\/?page_id=1592"},"modified":"2025-05-05T12:25:05","modified_gmt":"2025-05-05T05:25:05","slug":"two-days-trip-with-loi-to-pai-or-chiang-rai","status":"publish","type":"page","link":"https:\/\/villa-anneloi.com\/home\/two-days-trip-with-loi-to-pai-or-chiang-rai\/","title":{"rendered":"Two days trip with Loi to              Pai or Chiang Rai."},"content":{"rendered":"\n<div class=\"wp-block-nextend-smartslider3\"><\/div>\n\n\n\n<p class=\"has-text-align-center has-luminous-vivid-amber-color has-text-color\">  <\/p>\n\n\n\n<p class=\"has-text-align-center has-luminous-vivid-amber-color has-text-color\"> <strong>Day 1 :<\/strong> <\/p>\n\n\n\n<p class=\"has-text-align-left\">An amazing ride through the mountains with stops where you wouldn&#8217;t know of.   With  Loi you feel as a  &#8216;local&#8217; making a trip.  Some of the  stops are:                                                                                             PAI : a waterfall to swim in,  a bat cave,  Pai Canyon, hotsprings and ricefields.                                                                                                                                                    CHIANG RAI: hotsprings, the white and black temple, tea and flower (in the season January to March) fields, rice fields and so much more&#8230;. <\/p>\n\n\n\n<p class=\"has-text-align-center\">&nbsp;&nbsp;&nbsp;&nbsp;&nbsp; Overnights is in a beautiful resort.  Towels, soap and shampoo are provide in the bathrooms.  Lunches are included and diner can be taken on the nice night markets.                                                           Pai is a small mountain village with an \u2018hippie\u2019 atmosphere and  Chiang Rai gives the feeling of a small local city.<\/p>\n\n\n\n<p><\/p>\n\n\n\n<p class=\"has-text-align-center has-luminous-vivid-amber-color has-text-color\"><strong>   Day 2 :<\/strong> <\/p>\n\n\n\n<p>PAI : After breakfast you will make a bicycle tour to explore the village.   If you can&#8217;t bicycle you can walk around the village streets and local shops.  <\/p>\n\n\n\n<p>CHIANG RAI: After breakfast you will visit the Wat Rong Khun, the white temple.<\/p>\n\n\n\n<p>On the way back to Chiang Mai, you&#8217;ll make some local stops and have lunch in a local restaurant.    In the evening you will be back in Chiang Mai.<\/p>\n\n\n\n<p> <\/p>\n","protected":false},"excerpt":{"rendered":"<p>Day 1 : An amazing ride through the mountains with stops where you wouldn&#8217;t know of. With Loi you feel as a &#8216;local&#8217; making a trip. Some of the stops are: PAI : a waterfall to swim in, a bat cave, Pai Canyon, hotsprings and ricefields. CHIANG RAI: hotsprings, the white and black temple, tea &#8230; <a title=\"Two days trip with Loi to              Pai or Chiang Rai.\" class=\"read-more\" href=\"https:\/\/villa-anneloi.com\/home\/two-days-trip-with-loi-to-pai-or-chiang-rai\/\" aria-label=\"More on Two days trip with Loi to              Pai or Chiang Rai.\">Read more<\/a><\/p>\n","protected":false},"author":2,"featured_media":0,"parent":0,"menu_order":0,"comment_status":"closed","ping_status":"closed","template":"","meta":{"_uag_custom_page_level_css":""},"yoast_head":"<!-- This site is optimized with the Yoast SEO plugin v19.12 - https:\/\/yoast.com\/wordpress\/plugins\/seo\/ -->\n<title>Two days trip with Loi to       Pai or Chiang Rai. - Villa-anneloi.com - Feel at home, Far from home.<\/title>\n<meta name=\"robots\" content=\"index, follow, max-snippet:-1, max-image-preview:large, max-video-preview:-1\" \/>\n<link rel=\"canonical\" href=\"https:\/\/villa-anneloi.com\/home\/two-days-trip-with-loi-to-pai-or-chiang-rai\/\" \/>\n<meta property=\"og:locale\" content=\"en_US\" \/>\n<meta property=\"og:type\" content=\"article\" \/>\n<meta property=\"og:title\" content=\"Two days trip with Loi to       Pai or Chiang Rai. - Villa-anneloi.com - Feel at home, Far from home.\" \/>\n<meta property=\"og:description\" content=\"Day 1 : An amazing ride through the mountains with stops where you wouldn&#8217;t know of. With Loi you feel as a &#8216;local&#8217; making a trip. Some of the stops are: PAI : a waterfall to swim in, a bat cave, Pai Canyon, hotsprings and ricefields. CHIANG RAI: hotsprings, the white and black temple, tea ... Read more\" \/>\n<meta property=\"og:url\" content=\"https:\/\/villa-anneloi.com\/home\/two-days-trip-with-loi-to-pai-or-chiang-rai\/\" \/>\n<meta property=\"og:site_name\" content=\"Villa-anneloi.com - Feel at home, Far from home.\" \/>\n<meta property=\"article:modified_time\" content=\"2025-05-05T05:25:05+00:00\" \/>\n<meta name=\"twitter:card\" content=\"summary_large_image\" \/>\n<meta name=\"twitter:label1\" content=\"Est. reading time\" \/>\n\t<meta name=\"twitter:data1\" content=\"1 minute\" \/>\n<script type=\"application\/ld+json\" class=\"yoast-schema-graph\">{\"@context\":\"https:\/\/schema.org\",\"@graph\":[{\"@type\":\"WebPage\",\"@id\":\"https:\/\/villa-anneloi.com\/home\/two-days-trip-with-loi-to-pai-or-chiang-rai\/\",\"url\":\"https:\/\/villa-anneloi.com\/home\/two-days-trip-with-loi-to-pai-or-chiang-rai\/\",\"name\":\"Two days trip with Loi to Pai or Chiang Rai. - Villa-anneloi.com - Feel at home, Far from home.\",\"isPartOf\":{\"@id\":\"https:\/\/villa-anneloi.com\/home\/#website\"},\"datePublished\":\"2020-03-02T08:34:22+00:00\",\"dateModified\":\"2025-05-05T05:25:05+00:00\",\"breadcrumb\":{\"@id\":\"https:\/\/villa-anneloi.com\/home\/two-days-trip-with-loi-to-pai-or-chiang-rai\/#breadcrumb\"},\"inLanguage\":\"en-US\",\"potentialAction\":[{\"@type\":\"ReadAction\",\"target\":[\"https:\/\/villa-anneloi.com\/home\/two-days-trip-with-loi-to-pai-or-chiang-rai\/\"]}]},{\"@type\":\"BreadcrumbList\",\"@id\":\"https:\/\/villa-anneloi.com\/home\/two-days-trip-with-loi-to-pai-or-chiang-rai\/#breadcrumb\",\"itemListElement\":[{\"@type\":\"ListItem\",\"position\":1,\"name\":\"Home\",\"item\":\"https:\/\/villa-anneloi.com\/home\/\"},{\"@type\":\"ListItem\",\"position\":2,\"name\":\"Two days trip with Loi to Pai or Chiang Rai.\"}]},{\"@type\":\"WebSite\",\"@id\":\"https:\/\/villa-anneloi.com\/home\/#website\",\"url\":\"https:\/\/villa-anneloi.com\/home\/\",\"name\":\"Villa-anneloi.com - Feel at home, Far from home.\",\"description\":\"chiangmai province guesthouse, chiang mai guesthouse, chiang mai, thailand, guesthouse, villa-anneloi guesthouse, guesthouse, chiang mai travel, chiang mai tour, chiang mai trekking, rafting, chiang mai tour agent, thailand, trekking, bamboo rafting, elephant riding, caving, canoeing, kantoke dinner, t-rex-house\",\"potentialAction\":[{\"@type\":\"SearchAction\",\"target\":{\"@type\":\"EntryPoint\",\"urlTemplate\":\"https:\/\/villa-anneloi.com\/home\/?s={search_term_string}\"},\"query-input\":\"required name=search_term_string\"}],\"inLanguage\":\"en-US\"}]}<\/script>\n<!-- \/ Yoast SEO plugin. -->","yoast_head_json":{"title":"Two days trip with Loi to       Pai or Chiang Rai. - Villa-anneloi.com - Feel at home, Far from home.","robots":{"index":"index","follow":"follow","max-snippet":"max-snippet:-1","max-image-preview":"max-image-preview:large","max-video-preview":"max-video-preview:-1"},"canonical":"https:\/\/villa-anneloi.com\/home\/two-days-trip-with-loi-to-pai-or-chiang-rai\/","og_locale":"en_US","og_type":"article","og_title":"Two days trip with Loi to       Pai or Chiang Rai. - Villa-anneloi.com - Feel at home, Far from home.","og_description":"Day 1 : An amazing ride through the mountains with stops where you wouldn&#8217;t know of. With Loi you feel as a &#8216;local&#8217; making a trip. Some of the stops are: PAI : a waterfall to swim in, a bat cave, Pai Canyon, hotsprings and ricefields. CHIANG RAI: hotsprings, the white and black temple, tea ... Read more","og_url":"https:\/\/villa-anneloi.com\/home\/two-days-trip-with-loi-to-pai-or-chiang-rai\/","og_site_name":"Villa-anneloi.com - Feel at home, Far from home.","article_modified_time":"2025-05-05T05:25:05+00:00","twitter_card":"summary_large_image","twitter_misc":{"Est. reading time":"1 minute"},"schema":{"@context":"https:\/\/schema.org","@graph":[{"@type":"WebPage","@id":"https:\/\/villa-anneloi.com\/home\/two-days-trip-with-loi-to-pai-or-chiang-rai\/","url":"https:\/\/villa-anneloi.com\/home\/two-days-trip-with-loi-to-pai-or-chiang-rai\/","name":"Two days trip with Loi to Pai or Chiang Rai. - Villa-anneloi.com - Feel at home, Far from home.","isPartOf":{"@id":"https:\/\/villa-anneloi.com\/home\/#website"},"datePublished":"2020-03-02T08:34:22+00:00","dateModified":"2025-05-05T05:25:05+00:00","breadcrumb":{"@id":"https:\/\/villa-anneloi.com\/home\/two-days-trip-with-loi-to-pai-or-chiang-rai\/#breadcrumb"},"inLanguage":"en-US","potentialAction":[{"@type":"ReadAction","target":["https:\/\/villa-anneloi.com\/home\/two-days-trip-with-loi-to-pai-or-chiang-rai\/"]}]},{"@type":"BreadcrumbList","@id":"https:\/\/villa-anneloi.com\/home\/two-days-trip-with-loi-to-pai-or-chiang-rai\/#breadcrumb","itemListElement":[{"@type":"ListItem","position":1,"name":"Home","item":"https:\/\/villa-anneloi.com\/home\/"},{"@type":"ListItem","position":2,"name":"Two days trip with Loi to Pai or Chiang Rai."}]},{"@type":"WebSite","@id":"https:\/\/villa-anneloi.com\/home\/#website","url":"https:\/\/villa-anneloi.com\/home\/","name":"Villa-anneloi.com - Feel at home, Far from home.","description":"chiangmai province guesthouse, chiang mai guesthouse, chiang mai, thailand, guesthouse, villa-anneloi guesthouse, guesthouse, chiang mai travel, chiang mai tour, chiang mai trekking, rafting, chiang mai tour agent, thailand, trekking, bamboo rafting, elephant riding, caving, canoeing, kantoke dinner, t-rex-house","potentialAction":[{"@type":"SearchAction","target":{"@type":"EntryPoint","urlTemplate":"https:\/\/villa-anneloi.com\/home\/?s={search_term_string}"},"query-input":"required name=search_term_string"}],"inLanguage":"en-US"}]}},"uagb_featured_image_src":{"full":false,"thumbnail":false,"medium":false,"medium_large":false,"large":false,"1536x1536":false,"2048x2048":false},"uagb_author_info":{"display_name":"Anneloi","author_link":"https:\/\/villa-anneloi.com\/home\/author\/manager\/"},"uagb_comment_info":0,"uagb_excerpt":"Day 1 : An amazing ride through the mountains with stops where you wouldn&#8217;t know of. With Loi you feel as a &#8216;local&#8217; making a trip. Some of the stops are: PAI : a waterfall to swim in, a bat cave, Pai Canyon, hotsprings and ricefields. CHIANG RAI: hotsprings, the white and black temple, tea&hellip;","jetpack_sharing_enabled":true,"jetpack-related-posts":[{"id":1051,"url":"https:\/\/villa-anneloi.com\/home\/tweedaagse-uitstap-naar-pai-met-loi-nl\/","url_meta":{"origin":1592,"position":0},"title":"Twee daagse trip met Loi naar              Pai of Chiang Rai.","date":"12th February 2020","format":false,"excerpt":"DAG 1 : Een prachtige rit door de bergen met stops waar je anders nooit zou komen. Loi geeft je het gevoel dat je als een \u2018local\u2019 met hem mee reist. Een aantal van de stops: PAI : een waterval waar je kan zwemmen, een vleermuizen grot, Pai Canyon, warm\u2026","rel":"","context":"Similar post","img":{"alt_text":"","src":"","width":0,"height":0},"classes":[]},{"id":1400,"url":"https:\/\/villa-anneloi.com\/home\/trips\/","url_meta":{"origin":1592,"position":1},"title":"Trips","date":"21st February 2020","format":false,"excerpt":"Villa Anneloi Tour Trips Offer of excursions or choose for our excursion package: (1) Nature day trip with Loi (click to read more details) (Price starts at 2400 baht pp, min 2 persons, max 9 persons) (2) Two days trekking with Loi (click to read more details) (Price starts at\u2026","rel":"","context":"Similar post","img":{"alt_text":"","src":"","width":0,"height":0},"classes":[]},{"id":1638,"url":"https:\/\/villa-anneloi.com\/home\/choose-for-our-excursion-package-en\/","url_meta":{"origin":1592,"position":2},"title":"Choose for our excursion package","date":"2nd March 2020","format":false,"excerpt":"Villa Anneloi Excursion package Excursion package with lodge in a resort near the river in Chiang Mai. DAY 1: We pick you up at the airport, bus or train station in Chiang Mai.\u00a0\u00a0\u00a0 Welcome at the resort with a small welcome packet. \u00a0 You can relax at the swimming pool,\u2026","rel":"","context":"Similar post","img":{"alt_text":"","src":"","width":0,"height":0},"classes":[]},{"id":1593,"url":"https:\/\/villa-anneloi.com\/home\/excursion-de-deux-jours-avec-loi-a-pai-ou-chiang-rai\/","url_meta":{"origin":1592,"position":3},"title":"Excursion de deux jours avec Loi \u00e0 Pai ou Chiang Rai.","date":"2nd March 2020","format":false,"excerpt":"Premi\u00e8re journ\u00e9e: Une randonn\u00e9e incroyable \u00e0 travers les montagnes avec des arr\u00eats que vous n\u2019auriez jamais d\u00e9couverts seuls. Avec Loi, vous vous sentirez comme un \"local\" en route. Les arr\u00eats sont : PAI : une cascade pour se baigner, une grotte de chauves-souris, le canyon de Pai, des sources d'eau\u2026","rel":"","context":"Similar post","img":{"alt_text":"","src":"","width":0,"height":0},"classes":[]},{"id":1034,"url":"https:\/\/villa-anneloi.com\/home\/uitstappen\/","url_meta":{"origin":1592,"position":4},"title":"UITSTAPPEN","date":"12th February 2020","format":false,"excerpt":"Villa Anneloi Tour Uitstappen Aangeboden excursies of neem ons excursie pakket: (1) Natuur daguitstap met Loi (klik hier voor details) (Prijs vanaf 2400 baht pp, min 2 personen, max 9 personen) (2) Tweedaagse trekking in de bergen met Loi (klik hier voor details) \u00a0(Prijs vanaf 5000 baht pp, min 2\u2026","rel":"","context":"Similar post","img":{"alt_text":"","src":"","width":0,"height":0},"classes":[]},{"id":1015,"url":"https:\/\/villa-anneloi.com\/home\/wij\/","url_meta":{"origin":1592,"position":5},"title":"Wie zijn we ?","date":"12th February 2020","format":false,"excerpt":"Villa Anneloi Tour Wie zijn we ? Klik hier voor reviews Volg ons op Facebook onder de naam \"Villa Anneloi\". Villa Anneloi tour Annelore, een Belgische, leerde Loi, een Thai, kennen tijdens een vrijwilligersproject in Thailand. De liefde voor Thailand en deze lieve man leidde tot een combinatie van samen\u2026","rel":"","context":"Similar post","img":{"alt_text":"","src":"https:\/\/i0.wp.com\/villa-anneloi.com\/home\/wp-content\/uploads\/2020\/01\/2.png?resize=350%2C200&ssl=1","width":350,"height":200},"classes":[]}],"jetpack_shortlink":"https:\/\/wp.me\/PbNARy-pG","_links":{"self":[{"href":"https:\/\/villa-anneloi.com\/home\/wp-json\/wp\/v2\/pages\/1592"}],"collection":[{"href":"https:\/\/villa-anneloi.com\/home\/wp-json\/wp\/v2\/pages"}],"about":[{"href":"https:\/\/villa-anneloi.com\/home\/wp-json\/wp\/v2\/types\/page"}],"author":[{"embeddable":true,"href":"https:\/\/villa-anneloi.com\/home\/wp-json\/wp\/v2\/users\/2"}],"replies":[{"embeddable":true,"href":"https:\/\/villa-anneloi.com\/home\/wp-json\/wp\/v2\/comments?post=1592"}],"version-history":[{"count":6,"href":"https:\/\/villa-anneloi.com\/home\/wp-json\/wp\/v2\/pages\/1592\/revisions"}],"predecessor-version":[{"id":2615,"href":"https:\/\/villa-anneloi.com\/home\/wp-json\/wp\/v2\/pages\/1592\/revisions\/2615"}],"wp:attachment":[{"href":"https:\/\/villa-anneloi.com\/home\/wp-json\/wp\/v2\/media?parent=1592"}],"curies":[{"name":"wp","href":"https:\/\/api.w.org\/{rel}","templated":true}]}}