{"id":1607,"date":"2020-03-02T15:51:59","date_gmt":"2020-03-02T08:51:59","guid":{"rendered":"https:\/\/villa-anneloi.com\/home\/?page_id=1607"},"modified":"2020-03-11T11:24:44","modified_gmt":"2020-03-11T04:24:44","slug":"bicycle-tour-with-local-stops-en","status":"publish","type":"page","link":"https:\/\/villa-anneloi.com\/home\/bicycle-tour-with-local-stops-en\/","title":{"rendered":"Bicycle tour with local stops"},"content":{"rendered":"\n<div class=\"wp-block-nextend-smartslider3\"><\/div>\n\n\n\n<p class=\"has-text-color has-text-align-center has-luminous-vivid-amber-color\">   This excursion operates on any available day.    <\/p>\n\n\n\n<p class=\"has-text-align-center\">  <strong>8.30am -2.30pm join tour, transfers, bicycle, English guide and lunch included.<\/strong>  <br> <\/p>\n\n\n\n<p> Experience the Thai countryside by bicycle  through traditional villages with wooden houses on stilts, ride through the rice fields along lazy back roads and encounter children surprised by the unusual sight of foreigners in their village.  Sometimes water buffalo are crossing the street and you can explore the lifestyle of local farmers.  Get to learn about the process of seasonal rice farming.   The bicycle tour ends with a nice lunch at a resort.   Afternoon transfer back to your hotel.  <\/p>\n\n\n\n<p>  <\/p>\n","protected":false},"excerpt":{"rendered":"<p>This excursion operates on any available day. 8.30am -2.30pm join tour, transfers, bicycle, English guide and lunch included. Experience the Thai countryside by bicycle through traditional villages with wooden houses on stilts, ride through the rice fields along lazy back roads and encounter children surprised by the unusual sight of foreigners in their village. Sometimes &#8230; <a title=\"Bicycle tour with local stops\" class=\"read-more\" href=\"https:\/\/villa-anneloi.com\/home\/bicycle-tour-with-local-stops-en\/\" aria-label=\"More on Bicycle tour with local stops\">Read more<\/a><\/p>\n","protected":false},"author":2,"featured_media":0,"parent":0,"menu_order":0,"comment_status":"closed","ping_status":"closed","template":"","meta":{"_uag_custom_page_level_css":""},"yoast_head":"<!-- This site is optimized with the Yoast SEO plugin v19.12 - https:\/\/yoast.com\/wordpress\/plugins\/seo\/ -->\n<title>Bicycle tour with local stops - Villa-anneloi.com - Feel at home, Far from home.<\/title>\n<meta name=\"robots\" content=\"index, follow, max-snippet:-1, max-image-preview:large, max-video-preview:-1\" \/>\n<link rel=\"canonical\" href=\"https:\/\/villa-anneloi.com\/home\/bicycle-tour-with-local-stops-en\/\" \/>\n<meta property=\"og:locale\" content=\"en_US\" \/>\n<meta property=\"og:type\" content=\"article\" \/>\n<meta property=\"og:title\" content=\"Bicycle tour with local stops - Villa-anneloi.com - Feel at home, Far from home.\" \/>\n<meta property=\"og:description\" content=\"This excursion operates on any available day. 8.30am -2.30pm join tour, transfers, bicycle, English guide and lunch included. Experience the Thai countryside by bicycle through traditional villages with wooden houses on stilts, ride through the rice fields along lazy back roads and encounter children surprised by the unusual sight of foreigners in their village. Sometimes ... Read more\" \/>\n<meta property=\"og:url\" content=\"https:\/\/villa-anneloi.com\/home\/bicycle-tour-with-local-stops-en\/\" \/>\n<meta property=\"og:site_name\" content=\"Villa-anneloi.com - Feel at home, Far from home.\" \/>\n<meta property=\"article:modified_time\" content=\"2020-03-11T04:24:44+00:00\" \/>\n<meta name=\"twitter:card\" content=\"summary_large_image\" \/>\n<meta name=\"twitter:label1\" content=\"Est. reading time\" \/>\n\t<meta name=\"twitter:data1\" content=\"1 minute\" \/>\n<script type=\"application\/ld+json\" class=\"yoast-schema-graph\">{\"@context\":\"https:\/\/schema.org\",\"@graph\":[{\"@type\":\"WebPage\",\"@id\":\"https:\/\/villa-anneloi.com\/home\/bicycle-tour-with-local-stops-en\/\",\"url\":\"https:\/\/villa-anneloi.com\/home\/bicycle-tour-with-local-stops-en\/\",\"name\":\"Bicycle tour with local stops - Villa-anneloi.com - Feel at home, Far from home.\",\"isPartOf\":{\"@id\":\"https:\/\/villa-anneloi.com\/home\/#website\"},\"datePublished\":\"2020-03-02T08:51:59+00:00\",\"dateModified\":\"2020-03-11T04:24:44+00:00\",\"breadcrumb\":{\"@id\":\"https:\/\/villa-anneloi.com\/home\/bicycle-tour-with-local-stops-en\/#breadcrumb\"},\"inLanguage\":\"en-US\",\"potentialAction\":[{\"@type\":\"ReadAction\",\"target\":[\"https:\/\/villa-anneloi.com\/home\/bicycle-tour-with-local-stops-en\/\"]}]},{\"@type\":\"BreadcrumbList\",\"@id\":\"https:\/\/villa-anneloi.com\/home\/bicycle-tour-with-local-stops-en\/#breadcrumb\",\"itemListElement\":[{\"@type\":\"ListItem\",\"position\":1,\"name\":\"Home\",\"item\":\"https:\/\/villa-anneloi.com\/home\/\"},{\"@type\":\"ListItem\",\"position\":2,\"name\":\"Bicycle tour with local stops\"}]},{\"@type\":\"WebSite\",\"@id\":\"https:\/\/villa-anneloi.com\/home\/#website\",\"url\":\"https:\/\/villa-anneloi.com\/home\/\",\"name\":\"Villa-anneloi.com - Feel at home, Far from home.\",\"description\":\"chiangmai province guesthouse, chiang mai guesthouse, chiang mai, thailand, guesthouse, villa-anneloi guesthouse, guesthouse, chiang mai travel, chiang mai tour, chiang mai trekking, rafting, chiang mai tour agent, thailand, trekking, bamboo rafting, elephant riding, caving, canoeing, kantoke dinner, t-rex-house\",\"potentialAction\":[{\"@type\":\"SearchAction\",\"target\":{\"@type\":\"EntryPoint\",\"urlTemplate\":\"https:\/\/villa-anneloi.com\/home\/?s={search_term_string}\"},\"query-input\":\"required name=search_term_string\"}],\"inLanguage\":\"en-US\"}]}<\/script>\n<!-- \/ Yoast SEO plugin. -->","yoast_head_json":{"title":"Bicycle tour with local stops - Villa-anneloi.com - Feel at home, Far from home.","robots":{"index":"index","follow":"follow","max-snippet":"max-snippet:-1","max-image-preview":"max-image-preview:large","max-video-preview":"max-video-preview:-1"},"canonical":"https:\/\/villa-anneloi.com\/home\/bicycle-tour-with-local-stops-en\/","og_locale":"en_US","og_type":"article","og_title":"Bicycle tour with local stops - Villa-anneloi.com - Feel at home, Far from home.","og_description":"This excursion operates on any available day. 8.30am -2.30pm join tour, transfers, bicycle, English guide and lunch included. Experience the Thai countryside by bicycle through traditional villages with wooden houses on stilts, ride through the rice fields along lazy back roads and encounter children surprised by the unusual sight of foreigners in their village. Sometimes ... Read more","og_url":"https:\/\/villa-anneloi.com\/home\/bicycle-tour-with-local-stops-en\/","og_site_name":"Villa-anneloi.com - Feel at home, Far from home.","article_modified_time":"2020-03-11T04:24:44+00:00","twitter_card":"summary_large_image","twitter_misc":{"Est. reading time":"1 minute"},"schema":{"@context":"https:\/\/schema.org","@graph":[{"@type":"WebPage","@id":"https:\/\/villa-anneloi.com\/home\/bicycle-tour-with-local-stops-en\/","url":"https:\/\/villa-anneloi.com\/home\/bicycle-tour-with-local-stops-en\/","name":"Bicycle tour with local stops - Villa-anneloi.com - Feel at home, Far from home.","isPartOf":{"@id":"https:\/\/villa-anneloi.com\/home\/#website"},"datePublished":"2020-03-02T08:51:59+00:00","dateModified":"2020-03-11T04:24:44+00:00","breadcrumb":{"@id":"https:\/\/villa-anneloi.com\/home\/bicycle-tour-with-local-stops-en\/#breadcrumb"},"inLanguage":"en-US","potentialAction":[{"@type":"ReadAction","target":["https:\/\/villa-anneloi.com\/home\/bicycle-tour-with-local-stops-en\/"]}]},{"@type":"BreadcrumbList","@id":"https:\/\/villa-anneloi.com\/home\/bicycle-tour-with-local-stops-en\/#breadcrumb","itemListElement":[{"@type":"ListItem","position":1,"name":"Home","item":"https:\/\/villa-anneloi.com\/home\/"},{"@type":"ListItem","position":2,"name":"Bicycle tour with local stops"}]},{"@type":"WebSite","@id":"https:\/\/villa-anneloi.com\/home\/#website","url":"https:\/\/villa-anneloi.com\/home\/","name":"Villa-anneloi.com - Feel at home, Far from home.","description":"chiangmai province guesthouse, chiang mai guesthouse, chiang mai, thailand, guesthouse, villa-anneloi guesthouse, guesthouse, chiang mai travel, chiang mai tour, chiang mai trekking, rafting, chiang mai tour agent, thailand, trekking, bamboo rafting, elephant riding, caving, canoeing, kantoke dinner, t-rex-house","potentialAction":[{"@type":"SearchAction","target":{"@type":"EntryPoint","urlTemplate":"https:\/\/villa-anneloi.com\/home\/?s={search_term_string}"},"query-input":"required name=search_term_string"}],"inLanguage":"en-US"}]}},"uagb_featured_image_src":{"full":false,"thumbnail":false,"medium":false,"medium_large":false,"large":false,"1536x1536":false,"2048x2048":false},"uagb_author_info":{"display_name":"Anneloi","author_link":"https:\/\/villa-anneloi.com\/home\/author\/manager\/"},"uagb_comment_info":0,"uagb_excerpt":"This excursion operates on any available day. 8.30am -2.30pm join tour, transfers, bicycle, English guide and lunch included. Experience the Thai countryside by bicycle through traditional villages with wooden houses on stilts, ride through the rice fields along lazy back roads and encounter children surprised by the unusual sight of foreigners in their village. Sometimes&hellip;","jetpack_sharing_enabled":true,"jetpack-related-posts":[{"id":1592,"url":"https:\/\/villa-anneloi.com\/home\/two-days-trip-with-loi-to-pai-or-chiang-rai\/","url_meta":{"origin":1607,"position":0},"title":"Two days trip with Loi to              Pai or Chiang Rai.","date":"2nd March 2020","format":false,"excerpt":"Day 1 : An amazing ride through the mountains with stops where you wouldn't know of. With Loi you feel as a 'local' making a trip. Some of the stops are: PAI : a waterfall to swim in, a bat cave, Pai Canyon, hotsprings and ricefields. CHIANG RAI: hotsprings, the\u2026","rel":"","context":"Similar post","img":{"alt_text":"","src":"","width":0,"height":0},"classes":[]},{"id":1400,"url":"https:\/\/villa-anneloi.com\/home\/trips\/","url_meta":{"origin":1607,"position":1},"title":"Trips","date":"21st February 2020","format":false,"excerpt":"Villa Anneloi Tour Trips Offer of excursions or choose for our excursion package: (1) Nature day trip with Loi (click to read more details) (Price starts at 2400 baht pp, min 2 persons, max 9 persons) (2) Two days trekking with Loi (click to read more details) (Price starts at\u2026","rel":"","context":"Similar post","img":{"alt_text":"","src":"","width":0,"height":0},"classes":[]},{"id":1597,"url":"https:\/\/villa-anneloi.com\/home\/zipline-tour-en\/","url_meta":{"origin":1607,"position":2},"title":"Zipline tour","date":"2nd March 2020","format":false,"excerpt":"This excursion operates on any available day. 9am- 2pm join tour, transfers, lunch and English speaking guides included. . \u00a0Whipping fast through the air on ziplines, with the jungle on both sides as you fly by, you will leave the busy world behind and immerse yourself deep in the jungle.\u2026","rel":"","context":"Similar post","img":{"alt_text":"","src":"","width":0,"height":0},"classes":[]},{"id":1043,"url":"https:\/\/villa-anneloi.com\/home\/thai-cooking-lessons-en\/","url_meta":{"origin":1607,"position":3},"title":"Thai cooking lessons","date":"12th February 2020","format":false,"excerpt":"This excursion operates on any available day. 8.30am -3.00pm join tour, transfers, English explanation and teachings and lunch included. Pick up at your accommodation and start with a tour in the local market. Search for the Thai cooking ingredients. It is a small cooking school and each has his own\u2026","rel":"","context":"Similar post","img":{"alt_text":"","src":"","width":0,"height":0},"classes":[]},{"id":1049,"url":"https:\/\/villa-anneloi.com\/home\/elephant-care-and-bathing-en\/","url_meta":{"origin":1607,"position":4},"title":"Elephant care and bathing.","date":"12th February 2020","format":false,"excerpt":"This excursion operates on any available day. 9am \u2013 4 pm join tour, transfers, English speaking guidance and lunch included. This is an enjoyable opportunity to spend quality time with elephants in their natural home, as well as gain an insight into their history and behavior, and create cherished lifelong\u2026","rel":"","context":"Similar post","img":{"alt_text":"","src":"","width":0,"height":0},"classes":[]},{"id":1609,"url":"https:\/\/villa-anneloi.com\/home\/tour-a-velo-local\/","url_meta":{"origin":1607,"position":5},"title":"Tour \u00e0 v\u00e9lo local","date":"2nd March 2020","format":false,"excerpt":"Cette excursion peut \u00eatre organis\u00e9 tous les jours sous r\u00e9serve de disponibilit\u00e9. 8h30-14h30 : visite guid\u00e9e, transferts, v\u00e9lo, guide en anglais et d\u00e9jeuner inclus. D\u00e9couvrez la campagne tha\u00eflandaise \u00e0 v\u00e9lo \u00e0 travers des villages traditionnels aux maisons en bois sur pilotis, parcourez les rizi\u00e8res sur des routes secondaires et rencontrez\u2026","rel":"","context":"Similar post","img":{"alt_text":"","src":"","width":0,"height":0},"classes":[]}],"jetpack_shortlink":"https:\/\/wp.me\/PbNARy-pV","_links":{"self":[{"href":"https:\/\/villa-anneloi.com\/home\/wp-json\/wp\/v2\/pages\/1607"}],"collection":[{"href":"https:\/\/villa-anneloi.com\/home\/wp-json\/wp\/v2\/pages"}],"about":[{"href":"https:\/\/villa-anneloi.com\/home\/wp-json\/wp\/v2\/types\/page"}],"author":[{"embeddable":true,"href":"https:\/\/villa-anneloi.com\/home\/wp-json\/wp\/v2\/users\/2"}],"replies":[{"embeddable":true,"href":"https:\/\/villa-anneloi.com\/home\/wp-json\/wp\/v2\/comments?post=1607"}],"version-history":[{"count":4,"href":"https:\/\/villa-anneloi.com\/home\/wp-json\/wp\/v2\/pages\/1607\/revisions"}],"predecessor-version":[{"id":2264,"href":"https:\/\/villa-anneloi.com\/home\/wp-json\/wp\/v2\/pages\/1607\/revisions\/2264"}],"wp:attachment":[{"href":"https:\/\/villa-anneloi.com\/home\/wp-json\/wp\/v2\/media?parent=1607"}],"curies":[{"name":"wp","href":"https:\/\/api.w.org\/{rel}","templated":true}]}}