{"id":1638,"date":"2020-03-02T22:05:06","date_gmt":"2020-03-02T15:05:06","guid":{"rendered":"https:\/\/villa-anneloi.com\/home\/?page_id=1638"},"modified":"2023-04-06T21:25:22","modified_gmt":"2023-04-06T14:25:22","slug":"choose-for-our-excursion-package-en","status":"publish","type":"page","link":"https:\/\/villa-anneloi.com\/home\/choose-for-our-excursion-package-en\/","title":{"rendered":"Choose for our excursion package"},"content":{"rendered":"\n<p class=\"has-text-align-center has-text-color has-huge-font-size\" style=\"color:#d09d1f\"><strong>Villa Anneloi<\/strong><\/p>\n\n\n\n<p class=\"has-text-align-center has-large-font-size\"><strong>Excursion package<\/strong> <\/p>\n\n\n\n<div class=\"wp-block-nextend-smartslider3\"><\/div>\n\n\n\n<p class=\"has-medium-font-size\"> <strong>Excursion package with lodge in a resort near the river in Chiang Mai.<\/strong><\/p>\n\n\n\n<h2 class=\"has-text-align-left has-luminous-vivid-amber-color has-text-color has-normal-font-size\"><strong>DAY<\/strong> <strong>1<\/strong>:    <\/h2>\n\n\n\n<p class=\"has-text-align-left has-text-color\" style=\"color:#f7f6f4\">We pick you up at the airport, bus or train station in Chiang Mai.&nbsp;&nbsp;&nbsp; Welcome at the resort with a small welcome packet. &nbsp; You can relax at the swimming pool, check out the environment or go to the city.   Overnight in the resort at the river. <\/p>\n\n\n\n<p class=\"has-text-align-left has-luminous-vivid-amber-color has-text-color\"><strong>DAY<\/strong> <strong>2<\/strong> : <\/p>\n\n\n\n<p class=\"has-text-align-left\">Nature day trip with Loi (<a href=\"https:\/\/villa-anneloi.com\/home\/daguitstap-met-loi-en\/\">1<\/a>).  Overnight in the resort at the river.<\/p>\n\n\n\n<p class=\"has-luminous-vivid-amber-color has-text-color\"><strong>DAY 3 AND DAY<\/strong> <strong>4<\/strong><\/p>\n\n\n\n<p class=\"has-text-align-left\">2 Days trekking with Loi (<a href=\"https:\/\/villa-anneloi.com\/home\/two-days-trekking-with-loi-en\/\">2<\/a>).   Overnight in the resort at the river.<\/p>\n\n\n\n<p class=\"has-luminous-vivid-amber-color has-text-color\"><strong>DAY<\/strong> 5 <strong>AND DAY 6<\/strong><\/p>\n\n\n\n<p>2 Days trip to Pai or Chiang Rai  (<a href=\"https:\/\/villa-anneloi.com\/home\/elephant-care-and-bathing-en\/\">7<\/a>)  Overnight in the resort at the river.<\/p>\n\n\n\n<p class=\"has-luminous-vivid-amber-color has-text-color\"><strong>DAY<\/strong> <strong>7<\/strong><\/p>\n\n\n\n<p>We arrange transfer to the airport, train or bus station<\/p>\n\n\n\n<p class=\"has-text-align-center\"><strong>Package  price starts at  15000 bath per person.<\/strong><\/p>\n\n\n\n<p class=\"has-text-align-left\"><strong>INCLUDED:<\/strong>    7 days and 6 nights * &#8211; 6 breakfasts &#8211;  5 delicious lunches &#8211;  1 diner in the mountains on the 2-days trekking &#8211; guidance of Loi &#8211;  Accidental insurance &#8211; Free transfers from and to the airport of Chiang Mai &#8211;  all entrees and transfers for the trips.  <br>  <\/p>\n\n\n\n<p class=\"has-text-align-left has-small-font-size\">*6 night:\u00a0 4 nights are in the resort \u00a0(free wifi ) &#8211; 1 night is in a common bamboohut in the jungle and 1 night is at Pai or Chiang Rai.   (you can leave your luggage at the resort when you go on a 2 days trip.)<\/p>\n\n\n\n<p><\/p>\n","protected":false},"excerpt":{"rendered":"<p>Villa Anneloi Excursion package Excursion package with lodge in a resort near the river in Chiang Mai. DAY 1: We pick you up at the airport, bus or train station in Chiang Mai.&nbsp;&nbsp;&nbsp; Welcome at the resort with a small welcome packet. &nbsp; You can relax at the swimming pool, check out the environment or &#8230; <a title=\"Choose for our excursion package\" class=\"read-more\" href=\"https:\/\/villa-anneloi.com\/home\/choose-for-our-excursion-package-en\/\" aria-label=\"More on Choose for our excursion package\">Read more<\/a><\/p>\n","protected":false},"author":2,"featured_media":0,"parent":0,"menu_order":0,"comment_status":"closed","ping_status":"closed","template":"","meta":{"_uag_custom_page_level_css":""},"yoast_head":"<!-- This site is optimized with the Yoast SEO plugin v19.12 - https:\/\/yoast.com\/wordpress\/plugins\/seo\/ -->\n<title>Choose for our excursion package - Villa-anneloi.com - Feel at home, Far from home.<\/title>\n<meta name=\"robots\" content=\"index, follow, max-snippet:-1, max-image-preview:large, max-video-preview:-1\" \/>\n<link rel=\"canonical\" href=\"https:\/\/villa-anneloi.com\/home\/choose-for-our-excursion-package-en\/\" \/>\n<meta property=\"og:locale\" content=\"en_US\" \/>\n<meta property=\"og:type\" content=\"article\" \/>\n<meta property=\"og:title\" content=\"Choose for our excursion package - Villa-anneloi.com - Feel at home, Far from home.\" \/>\n<meta property=\"og:description\" content=\"Villa Anneloi Excursion package Excursion package with lodge in a resort near the river in Chiang Mai. DAY 1: We pick you up at the airport, bus or train station in Chiang Mai.&nbsp;&nbsp;&nbsp; Welcome at the resort with a small welcome packet. &nbsp; You can relax at the swimming pool, check out the environment or ... Read more\" \/>\n<meta property=\"og:url\" content=\"https:\/\/villa-anneloi.com\/home\/choose-for-our-excursion-package-en\/\" \/>\n<meta property=\"og:site_name\" content=\"Villa-anneloi.com - Feel at home, Far from home.\" \/>\n<meta property=\"article:modified_time\" content=\"2023-04-06T14:25:22+00:00\" \/>\n<meta name=\"twitter:card\" content=\"summary_large_image\" \/>\n<meta name=\"twitter:label1\" content=\"Est. reading time\" \/>\n\t<meta name=\"twitter:data1\" content=\"2 minutes\" \/>\n<script type=\"application\/ld+json\" class=\"yoast-schema-graph\">{\"@context\":\"https:\/\/schema.org\",\"@graph\":[{\"@type\":\"WebPage\",\"@id\":\"https:\/\/villa-anneloi.com\/home\/choose-for-our-excursion-package-en\/\",\"url\":\"https:\/\/villa-anneloi.com\/home\/choose-for-our-excursion-package-en\/\",\"name\":\"Choose for our excursion package - Villa-anneloi.com - Feel at home, Far from home.\",\"isPartOf\":{\"@id\":\"https:\/\/villa-anneloi.com\/home\/#website\"},\"datePublished\":\"2020-03-02T15:05:06+00:00\",\"dateModified\":\"2023-04-06T14:25:22+00:00\",\"breadcrumb\":{\"@id\":\"https:\/\/villa-anneloi.com\/home\/choose-for-our-excursion-package-en\/#breadcrumb\"},\"inLanguage\":\"en-US\",\"potentialAction\":[{\"@type\":\"ReadAction\",\"target\":[\"https:\/\/villa-anneloi.com\/home\/choose-for-our-excursion-package-en\/\"]}]},{\"@type\":\"BreadcrumbList\",\"@id\":\"https:\/\/villa-anneloi.com\/home\/choose-for-our-excursion-package-en\/#breadcrumb\",\"itemListElement\":[{\"@type\":\"ListItem\",\"position\":1,\"name\":\"Home\",\"item\":\"https:\/\/villa-anneloi.com\/home\/\"},{\"@type\":\"ListItem\",\"position\":2,\"name\":\"Choose for our excursion package\"}]},{\"@type\":\"WebSite\",\"@id\":\"https:\/\/villa-anneloi.com\/home\/#website\",\"url\":\"https:\/\/villa-anneloi.com\/home\/\",\"name\":\"Villa-anneloi.com - Feel at home, Far from home.\",\"description\":\"chiangmai province guesthouse, chiang mai guesthouse, chiang mai, thailand, guesthouse, villa-anneloi guesthouse, guesthouse, chiang mai travel, chiang mai tour, chiang mai trekking, rafting, chiang mai tour agent, thailand, trekking, bamboo rafting, elephant riding, caving, canoeing, kantoke dinner, t-rex-house\",\"potentialAction\":[{\"@type\":\"SearchAction\",\"target\":{\"@type\":\"EntryPoint\",\"urlTemplate\":\"https:\/\/villa-anneloi.com\/home\/?s={search_term_string}\"},\"query-input\":\"required name=search_term_string\"}],\"inLanguage\":\"en-US\"}]}<\/script>\n<!-- \/ Yoast SEO plugin. -->","yoast_head_json":{"title":"Choose for our excursion package - Villa-anneloi.com - Feel at home, Far from home.","robots":{"index":"index","follow":"follow","max-snippet":"max-snippet:-1","max-image-preview":"max-image-preview:large","max-video-preview":"max-video-preview:-1"},"canonical":"https:\/\/villa-anneloi.com\/home\/choose-for-our-excursion-package-en\/","og_locale":"en_US","og_type":"article","og_title":"Choose for our excursion package - Villa-anneloi.com - Feel at home, Far from home.","og_description":"Villa Anneloi Excursion package Excursion package with lodge in a resort near the river in Chiang Mai. DAY 1: We pick you up at the airport, bus or train station in Chiang Mai.&nbsp;&nbsp;&nbsp; Welcome at the resort with a small welcome packet. &nbsp; You can relax at the swimming pool, check out the environment or ... Read more","og_url":"https:\/\/villa-anneloi.com\/home\/choose-for-our-excursion-package-en\/","og_site_name":"Villa-anneloi.com - Feel at home, Far from home.","article_modified_time":"2023-04-06T14:25:22+00:00","twitter_card":"summary_large_image","twitter_misc":{"Est. reading time":"2 minutes"},"schema":{"@context":"https:\/\/schema.org","@graph":[{"@type":"WebPage","@id":"https:\/\/villa-anneloi.com\/home\/choose-for-our-excursion-package-en\/","url":"https:\/\/villa-anneloi.com\/home\/choose-for-our-excursion-package-en\/","name":"Choose for our excursion package - Villa-anneloi.com - Feel at home, Far from home.","isPartOf":{"@id":"https:\/\/villa-anneloi.com\/home\/#website"},"datePublished":"2020-03-02T15:05:06+00:00","dateModified":"2023-04-06T14:25:22+00:00","breadcrumb":{"@id":"https:\/\/villa-anneloi.com\/home\/choose-for-our-excursion-package-en\/#breadcrumb"},"inLanguage":"en-US","potentialAction":[{"@type":"ReadAction","target":["https:\/\/villa-anneloi.com\/home\/choose-for-our-excursion-package-en\/"]}]},{"@type":"BreadcrumbList","@id":"https:\/\/villa-anneloi.com\/home\/choose-for-our-excursion-package-en\/#breadcrumb","itemListElement":[{"@type":"ListItem","position":1,"name":"Home","item":"https:\/\/villa-anneloi.com\/home\/"},{"@type":"ListItem","position":2,"name":"Choose for our excursion package"}]},{"@type":"WebSite","@id":"https:\/\/villa-anneloi.com\/home\/#website","url":"https:\/\/villa-anneloi.com\/home\/","name":"Villa-anneloi.com - Feel at home, Far from home.","description":"chiangmai province guesthouse, chiang mai guesthouse, chiang mai, thailand, guesthouse, villa-anneloi guesthouse, guesthouse, chiang mai travel, chiang mai tour, chiang mai trekking, rafting, chiang mai tour agent, thailand, trekking, bamboo rafting, elephant riding, caving, canoeing, kantoke dinner, t-rex-house","potentialAction":[{"@type":"SearchAction","target":{"@type":"EntryPoint","urlTemplate":"https:\/\/villa-anneloi.com\/home\/?s={search_term_string}"},"query-input":"required name=search_term_string"}],"inLanguage":"en-US"}]}},"uagb_featured_image_src":{"full":false,"thumbnail":false,"medium":false,"medium_large":false,"large":false,"1536x1536":false,"2048x2048":false},"uagb_author_info":{"display_name":"Anneloi","author_link":"https:\/\/villa-anneloi.com\/home\/author\/manager\/"},"uagb_comment_info":0,"uagb_excerpt":"Villa Anneloi Excursion package Excursion package with lodge in a resort near the river in Chiang Mai. DAY 1: We pick you up at the airport, bus or train station in Chiang Mai.&nbsp;&nbsp;&nbsp; Welcome at the resort with a small welcome packet. &nbsp; You can relax at the swimming pool, check out the environment or&hellip;","jetpack_sharing_enabled":true,"jetpack-related-posts":[{"id":1403,"url":"https:\/\/villa-anneloi.com\/home\/excursions\/","url_meta":{"origin":1638,"position":0},"title":"Excursions","date":"21st February 2020","format":false,"excerpt":"Villa Anneloi Tour Excursions Le choix des excursions ou notre package d\u2019excursions: (1) Une journ\u00e9e dans la nature avec Loi (cliquez ici pour les details) ( Prix \u00e0 partir de 2400 baht pp, min 2 - max 9 personnes ) (2) Trekking de deux jours avec Loi (cliquez ici pour\u2026","rel":"","context":"Similar post","img":{"alt_text":"","src":"","width":0,"height":0},"classes":[]},{"id":1541,"url":"https:\/\/villa-anneloi.com\/home\/excursion-culturel-et-dans-la-nature-avec-loi-fr\/","url_meta":{"origin":1638,"position":1},"title":"Excursion dans la nature avec Loi","date":"2nd March 2020","format":false,"excerpt":"Prix a partir de 2400 bath\/ personne (min 2 -max 9 personnes) Visit de 2 parc national avec cascade et bateau sur un lac. Loi est comme Tarzan. Il conna\u00eet tout de la nature : les plantes, les arbres, les insectes... INCLUS: guide priv\u00e9, transferts, d\u00e9jeuner tha\u00eflandais, entree de 2\u2026","rel":"","context":"Similar post","img":{"alt_text":"","src":"","width":0,"height":0},"classes":[]},{"id":1400,"url":"https:\/\/villa-anneloi.com\/home\/trips\/","url_meta":{"origin":1638,"position":2},"title":"Trips","date":"21st February 2020","format":false,"excerpt":"Villa Anneloi Tour Trips Offer of excursions or choose for our excursion package: (1) Nature day trip with Loi (click to read more details) (Price starts at 2400 baht pp, min 2 persons, max 9 persons) (2) Two days trekking with Loi (click to read more details) (Price starts at\u2026","rel":"","context":"Similar post","img":{"alt_text":"","src":"","width":0,"height":0},"classes":[]},{"id":1642,"url":"https:\/\/villa-anneloi.com\/home\/prenez-notre-paquet-dexcursion-fr\/","url_meta":{"origin":1638,"position":3},"title":"Package d&#8217;excursions","date":"2nd March 2020","format":false,"excerpt":"Villa Anneloi Package d'excursions Package excursions avec logement dans un resort \u00e0 la rivi\u00e8re. JOUR 1 Nous venons vous chercher \u00e0 l\u2019a\u00e9roport, gare routi\u00e8re ou gare ferroviaire de Chiang Mai. Bienvenue au resort avec un petit packet de bienvenue. Vous pourrez ensuite vous relaxer \u00e0 la piscine, d\u00e9couvrir l\u2019environnement ou\u2026","rel":"","context":"Similar post","img":{"alt_text":"","src":"","width":0,"height":0},"classes":[]},{"id":1593,"url":"https:\/\/villa-anneloi.com\/home\/excursion-de-deux-jours-avec-loi-a-pai-ou-chiang-rai\/","url_meta":{"origin":1638,"position":4},"title":"Excursion de deux jours avec Loi \u00e0 Pai ou Chiang Rai.","date":"2nd March 2020","format":false,"excerpt":"Premi\u00e8re journ\u00e9e: Une randonn\u00e9e incroyable \u00e0 travers les montagnes avec des arr\u00eats que vous n\u2019auriez jamais d\u00e9couverts seuls. Avec Loi, vous vous sentirez comme un \"local\" en route. Les arr\u00eats sont : PAI : une cascade pour se baigner, une grotte de chauves-souris, le canyon de Pai, des sources d'eau\u2026","rel":"","context":"Similar post","img":{"alt_text":"","src":"","width":0,"height":0},"classes":[]},{"id":1597,"url":"https:\/\/villa-anneloi.com\/home\/zipline-tour-en\/","url_meta":{"origin":1638,"position":5},"title":"Zipline tour","date":"2nd March 2020","format":false,"excerpt":"This excursion operates on any available day. 9am- 2pm join tour, transfers, lunch and English speaking guides included. . \u00a0Whipping fast through the air on ziplines, with the jungle on both sides as you fly by, you will leave the busy world behind and immerse yourself deep in the jungle.\u2026","rel":"","context":"Similar post","img":{"alt_text":"","src":"","width":0,"height":0},"classes":[]}],"jetpack_shortlink":"https:\/\/wp.me\/PbNARy-qq","_links":{"self":[{"href":"https:\/\/villa-anneloi.com\/home\/wp-json\/wp\/v2\/pages\/1638"}],"collection":[{"href":"https:\/\/villa-anneloi.com\/home\/wp-json\/wp\/v2\/pages"}],"about":[{"href":"https:\/\/villa-anneloi.com\/home\/wp-json\/wp\/v2\/types\/page"}],"author":[{"embeddable":true,"href":"https:\/\/villa-anneloi.com\/home\/wp-json\/wp\/v2\/users\/2"}],"replies":[{"embeddable":true,"href":"https:\/\/villa-anneloi.com\/home\/wp-json\/wp\/v2\/comments?post=1638"}],"version-history":[{"count":10,"href":"https:\/\/villa-anneloi.com\/home\/wp-json\/wp\/v2\/pages\/1638\/revisions"}],"predecessor-version":[{"id":2590,"href":"https:\/\/villa-anneloi.com\/home\/wp-json\/wp\/v2\/pages\/1638\/revisions\/2590"}],"wp:attachment":[{"href":"https:\/\/villa-anneloi.com\/home\/wp-json\/wp\/v2\/media?parent=1638"}],"curies":[{"name":"wp","href":"https:\/\/api.w.org\/{rel}","templated":true}]}}